{"id":376,"date":"2020-01-22T16:56:57","date_gmt":"2020-01-22T16:56:57","guid":{"rendered":"https:\/\/cinesub71.fr\/?page_id=376"},"modified":"2026-08-28T11:19:29","modified_gmt":"2026-08-28T09:19:29","slug":"calendrier-salons-cinema","status":"publish","type":"page","link":"https:\/\/cinesub71.fr\/en\/calendrier-salons-cinema","title":{"rendered":"Calendrier salons cin\u00e9ma"},"content":{"rendered":"<p class=\"wp-block-paragraph\">Retrouvez ici le calendrier des salons cin\u00e9ma et des foires consacr\u00e9s au cin\u00e9ma, \u00e0 la photographie et au mat\u00e9riel de collection. Cette page pr\u00e9sente les principales dates des salons cin\u00e9ma, rencontres et \u00e9v\u00e9nements d\u00e9di\u00e9s aux passionn\u00e9s.<\/p>\n\n\n\n<div style=\"height:24px\" aria-hidden=\"true\" class=\"wp-block-spacer\"><\/div>\n\n\n\n<h2 class=\"wp-block-heading has-large-font-size\">Salons cin\u00e9ma et foires en 2026<\/h2>\n\n\n\n<p class=\"wp-block-paragraph\">Cette ann\u00e9e le calendrier des salons cin\u00e9ma et des foires consacr\u00e9s au cin\u00e9ma est un peu plus restreint&#8230;<\/p>\n\n\n\n<div style=\"height:18px\" aria-hidden=\"true\" class=\"wp-block-spacer\"><\/div>\n\n\n\n<figure class=\"wp-block-image aligncenter size-full\"><img data-recalc-dims=\"1\" loading=\"lazy\" decoding=\"async\" width=\"320\" height=\"426\" src=\"https:\/\/i0.wp.com\/cinesub71.fr\/wp-content\/uploads\/2026\/08\/deauvilleusa26bd-1024x1365-1.jpg?resize=320%2C426&#038;ssl=1\" alt=\"Affiche salon cin\u00e9ma 2026\" class=\"wp-image-27040\" srcset=\"https:\/\/i0.wp.com\/cinesub71.fr\/wp-content\/uploads\/2026\/08\/deauvilleusa26bd-1024x1365-1.jpg?w=320&amp;ssl=1 320w, https:\/\/i0.wp.com\/cinesub71.fr\/wp-content\/uploads\/2026\/08\/deauvilleusa26bd-1024x1365-1.jpg?w=150&amp;ssl=1 150w, https:\/\/i0.wp.com\/cinesub71.fr\/wp-content\/uploads\/2026\/08\/deauvilleusa26bd-1024x1365-1.jpg?resize=230%2C306&amp;ssl=1 230w, https:\/\/i0.wp.com\/cinesub71.fr\/wp-content\/uploads\/2026\/08\/deauvilleusa26bd-1024x1365-1.jpg?resize=225%2C300&amp;ssl=1 225w\" sizes=\"auto, (max-width: 320px) 100vw, 320px\" \/><\/figure>\n\n\n\n<div style=\"height:21px\" aria-hidden=\"true\" class=\"wp-block-spacer\"><\/div>\n\n\n\n<h2 class=\"wp-block-heading has-large-font-size\">Salons cin\u00e9ma et foires en 2025<\/h2>\n\n\n\n<div style=\"height:22px\" aria-hidden=\"true\" class=\"wp-block-spacer\"><\/div>\n\n\n\n<figure class=\"wp-block-image aligncenter size-full is-resized\"><img data-recalc-dims=\"1\" loading=\"lazy\" decoding=\"async\" width=\"486\" height=\"700\" src=\"https:\/\/i0.wp.com\/cinesub71.fr\/wp-content\/uploads\/2025\/03\/481446421_1169795608489656_883285647758823411_n.jpg?resize=486%2C700&#038;ssl=1\" alt=\"\" class=\"wp-image-21942\" style=\"width:373px;height:auto\" srcset=\"https:\/\/i0.wp.com\/cinesub71.fr\/wp-content\/uploads\/2025\/03\/481446421_1169795608489656_883285647758823411_n.jpg?w=486&amp;ssl=1 486w, https:\/\/i0.wp.com\/cinesub71.fr\/wp-content\/uploads\/2025\/03\/481446421_1169795608489656_883285647758823411_n.jpg?resize=208%2C300&amp;ssl=1 208w, https:\/\/i0.wp.com\/cinesub71.fr\/wp-content\/uploads\/2025\/03\/481446421_1169795608489656_883285647758823411_n.jpg?resize=230%2C331&amp;ssl=1 230w, https:\/\/i0.wp.com\/cinesub71.fr\/wp-content\/uploads\/2025\/03\/481446421_1169795608489656_883285647758823411_n.jpg?resize=350%2C504&amp;ssl=1 350w, https:\/\/i0.wp.com\/cinesub71.fr\/wp-content\/uploads\/2025\/03\/481446421_1169795608489656_883285647758823411_n.jpg?resize=480%2C691&amp;ssl=1 480w, https:\/\/i0.wp.com\/cinesub71.fr\/wp-content\/uploads\/2025\/03\/481446421_1169795608489656_883285647758823411_n.jpg?resize=139%2C200&amp;ssl=1 139w, https:\/\/i0.wp.com\/cinesub71.fr\/wp-content\/uploads\/2025\/03\/481446421_1169795608489656_883285647758823411_n.jpg?resize=393%2C566&amp;ssl=1 393w\" sizes=\"auto, (max-width: 486px) 100vw, 486px\" \/><\/figure>\n\n\n\n<div style=\"height:30px\" aria-hidden=\"true\" class=\"wp-block-spacer\"><\/div>\n\n\n\n<p class=\"has-text-align-left has-large-font-size wp-block-paragraph\"><strong>2024<\/strong><\/p>\n\n\n\n<div style=\"height:29px\" aria-hidden=\"true\" class=\"wp-block-spacer\"><\/div>\n\n\n\n<h2 class=\"wp-block-heading has-medium-font-size\"><a href=\"https:\/\/www.chassimages.com\/index.php\/evenements-3\/21e-bourse-photo-le-teich\/\" rel=\"nofollow noopener\" target=\"_blank\">21e Bourse photo Le Teich<\/a><\/h2>\n\n\n\n<p class=\"has-medium-font-size wp-block-paragraph\"><a href=\"https:\/\/www.chassimages.com\/index.php\/locations\/halle-du-port\/\" rel=\"nofollow noopener\" target=\"_blank\">Halle du port<\/a><br>port du TEICH, TEICH, gironde, 33470, aquitaine<\/p>\n\n\n\n<div class=\"wp-block-media-text is-stacked-on-mobile\" style=\"grid-template-columns:43% auto\"><figure class=\"wp-block-media-text__media\"><img data-recalc-dims=\"1\" decoding=\"async\" src=\"https:\/\/i0.wp.com\/cinesub71.fr\/wp-content\/uploads\/2024\/10\/bourse-photo-1-1.jpg?w=1170&#038;ssl=1\" alt=\"\" class=\"wp-image-19120 size-full\"\/><\/figure><div class=\"wp-block-media-text__content\">\n<p class=\"wp-block-paragraph\"><\/p>\n<\/div><\/div>\n\n\n\n<div style=\"height:18px\" aria-hidden=\"true\" class=\"wp-block-spacer\"><\/div>\n\n\n\n<h2 class=\"wp-block-heading\"><a href=\"https:\/\/www.chassimages.com\/index.php\/evenements-3\/13e-brocphoto\/\" rel=\"nofollow noopener\" target=\"_blank\">13e Broc&rsquo;Photo<\/a> <\/h2>\n\n\n\n<p class=\"has-medium-font-size wp-block-paragraph\">13 octobre 2024&nbsp;&nbsp;&nbsp;<\/p>\n\n\n\n<p class=\"has-medium-font-size wp-block-paragraph\"><a href=\"https:\/\/www.chassimages.com\/index.php\/locations\/foyer-rural-gometz\/\" rel=\"nofollow noopener\" target=\"_blank\">Foyer rural Gometz<\/a><br>Foyer rural, Gometz-la-Ville, 91400, ILE-DE-FRANCE<\/p>\n\n\n\n<div style=\"height:36px\" aria-hidden=\"true\" class=\"wp-block-spacer\"><\/div>\n\n\n\n<h2 class=\"wp-block-heading\"><a href=\"https:\/\/www.chassimages.com\/index.php\/evenements-3\/foire-photo-de-pont-saint-martin-2\/\" rel=\"nofollow noopener\" target=\"_blank\">Foire photo de Pont-Saint-Martin<\/a><\/h2>\n\n\n\n<p class=\"has-medium-font-size wp-block-paragraph\">10 novembre 2024&nbsp;<\/p>\n\n\n\n<p class=\"has-medium-font-size wp-block-paragraph\"><a href=\"https:\/\/www.chassimages.com\/index.php\/locations\/salle-origami\/\" rel=\"nofollow noopener\" target=\"_blank\">Salle Origami<\/a><br>rue de la M\u00f4ne, Pont Saint Martin, 44860<\/p>\n\n\n\n<div style=\"height:30px\" aria-hidden=\"true\" class=\"wp-block-spacer\"><\/div>\n\n\n\n<h2 class=\"wp-block-heading\">La Ciotat, 10 novembre 2024 &#8211; 21e Brocante Photo et Cin\u00e9ma<\/h2>\n\n\n\n<figure class=\"wp-block-image size-large is-resized\"><img data-recalc-dims=\"1\" height=\"1024\" width=\"709\" decoding=\"async\" src=\"https:\/\/i0.wp.com\/cinesub71.fr\/wp-content\/uploads\/2024\/10\/LA-CIOTAT-md.webp?resize=709%2C1024&#038;ssl=1\" alt=\"\" class=\"wp-image-19128\" style=\"width:309px;height:auto\"\/><\/figure>\n\n\n\n<div style=\"height:30px\" aria-hidden=\"true\" class=\"wp-block-spacer\"><\/div>\n\n\n\n<h2 class=\"wp-block-heading\">37e Bourse Photo-Cin\u00e9 Cormeilles<br>H\u00f4tel de Ville<br>3 avenue Maurice Berteaux<br>95240, Cormeilles-en-Parisis<\/h2>\n\n\n\n<figure class=\"wp-block-image aligncenter size-full is-resized\"><img data-recalc-dims=\"1\" loading=\"lazy\" decoding=\"async\" width=\"568\" height=\"802\" src=\"https:\/\/i0.wp.com\/cinesub71.fr\/wp-content\/uploads\/2024\/10\/Capture-decran-2024-10-01-131114.png?resize=568%2C802&#038;ssl=1\" alt=\"\" class=\"wp-image-19131\" style=\"width:448px;height:auto\" srcset=\"https:\/\/i0.wp.com\/cinesub71.fr\/wp-content\/uploads\/2024\/10\/Capture-decran-2024-10-01-131114.png?w=568&amp;ssl=1 568w, https:\/\/i0.wp.com\/cinesub71.fr\/wp-content\/uploads\/2024\/10\/Capture-decran-2024-10-01-131114.png?resize=212%2C300&amp;ssl=1 212w, https:\/\/i0.wp.com\/cinesub71.fr\/wp-content\/uploads\/2024\/10\/Capture-decran-2024-10-01-131114.png?resize=230%2C325&amp;ssl=1 230w, https:\/\/i0.wp.com\/cinesub71.fr\/wp-content\/uploads\/2024\/10\/Capture-decran-2024-10-01-131114.png?resize=350%2C494&amp;ssl=1 350w, https:\/\/i0.wp.com\/cinesub71.fr\/wp-content\/uploads\/2024\/10\/Capture-decran-2024-10-01-131114.png?resize=480%2C678&amp;ssl=1 480w, https:\/\/i0.wp.com\/cinesub71.fr\/wp-content\/uploads\/2024\/10\/Capture-decran-2024-10-01-131114.png?resize=142%2C200&amp;ssl=1 142w, https:\/\/i0.wp.com\/cinesub71.fr\/wp-content\/uploads\/2024\/10\/Capture-decran-2024-10-01-131114.png?resize=401%2C566&amp;ssl=1 401w\" sizes=\"auto, (max-width: 568px) 100vw, 568px\" \/><\/figure>\n\n\n\n<div style=\"height:32px\" aria-hidden=\"true\" class=\"wp-block-spacer\"><\/div>\n\n\n\n<h2 class=\"wp-block-heading\"><a href=\"https:\/\/www.chassimages.com\/index.php\/evenements-3\/phototroc-artimages-plerin-2\/\" rel=\"nofollow noopener\" target=\"_blank\">PhotoTroc ART&rsquo;Images<\/a><\/h2>\n\n\n\n<p class=\"has-medium-font-size wp-block-paragraph\">9 f\u00e9vrier 2025<\/p>\n\n\n\n<figure class=\"wp-block-image aligncenter size-full is-resized\"><img decoding=\"async\" src=\"https:\/\/cinesub71.fr\/wp-content\/uploads\/2024\/10\/twx61nza-scaled-1.bmp\" alt=\"\" style=\"width:289px;height:auto\"\/><\/figure>\n\n\n\n<div style=\"height:28px\" aria-hidden=\"true\" class=\"wp-block-spacer\"><\/div>\n\n\n\n<div style=\"height:38px\" aria-hidden=\"true\" class=\"wp-block-spacer\"><\/div>\n\n\n\n<p class=\"has-text-align-center has-large-font-size wp-block-paragraph\"><a href=\"https:\/\/www.argenteuil.fr\/fr\/les-cingles-du-cinema\" rel=\"nofollow noopener\" target=\"_blank\"><\/a><\/p>\n\n\n\n<div style=\"height:19px\" aria-hidden=\"true\" class=\"wp-block-spacer\"><\/div>\n\n\n\n<div style=\"height:23px\" aria-hidden=\"true\" class=\"wp-block-spacer\"><\/div>\n\n\n\n<div style=\"height:19px\" aria-hidden=\"true\" class=\"wp-block-spacer\"><\/div>\n\n\n\n<p class=\"wp-block-paragraph\"><\/p>","protected":false},"excerpt":{"rendered":"<p>Retrouvez ici le calendrier des salons cin\u00e9ma et des foires consacr\u00e9s au cin\u00e9ma, \u00e0 la photographie et au mat\u00e9riel de collection. Cette [&hellip;]<\/p>\n","protected":false},"author":20,"featured_media":0,"parent":0,"menu_order":0,"comment_status":"closed","ping_status":"closed","template":"","meta":{"footnotes":""},"class_list":["post-376","page","type-page","status-publish","hentry"],"jetpack_likes_enabled":false,"jetpack_sharing_enabled":true,"_links":{"self":[{"href":"https:\/\/cinesub71.fr\/en\/wp-json\/wp\/v2\/pages\/376","targetHints":{"allow":["GET"]}}],"collection":[{"href":"https:\/\/cinesub71.fr\/en\/wp-json\/wp\/v2\/pages"}],"about":[{"href":"https:\/\/cinesub71.fr\/en\/wp-json\/wp\/v2\/types\/page"}],"author":[{"embeddable":true,"href":"https:\/\/cinesub71.fr\/en\/wp-json\/wp\/v2\/users\/20"}],"replies":[{"embeddable":true,"href":"https:\/\/cinesub71.fr\/en\/wp-json\/wp\/v2\/comments?post=376"}],"version-history":[{"count":37,"href":"https:\/\/cinesub71.fr\/en\/wp-json\/wp\/v2\/pages\/376\/revisions"}],"predecessor-version":[{"id":27044,"href":"https:\/\/cinesub71.fr\/en\/wp-json\/wp\/v2\/pages\/376\/revisions\/27044"}],"wp:attachment":[{"href":"https:\/\/cinesub71.fr\/en\/wp-json\/wp\/v2\/media?parent=376"}],"curies":[{"name":"wp","href":"https:\/\/api.w.org\/{rel}","templated":true}]}}

Calendrier salons cinéma

<p class="wp-block-paragraph">Retrouvez ici le calendrier des salons cinéma et des foires consacrés au cinéma, à la photographie et au matériel de collection. Cette page présente les principales dates des salons cinéma, rencontres et événements dédiés aux passionnés.</p>



<div style="height:24px" aria-hidden="true" class="wp-block-spacer"></div>



<h2 class="wp-block-heading has-large-font-size">Salons cinéma et foires en 2026</h2>



<p class="wp-block-paragraph">Cette année le calendrier des salons cinéma et des foires consacrés au cinéma est un peu plus restreint&#8230;</p>



<div style="height:18px" aria-hidden="true" class="wp-block-spacer"></div>



<figure class="wp-block-image aligncenter size-full"><img data-recalc-dims="1" loading="lazy" decoding="async" width="320" height="426" src="https://i0.wp.com/cinesub71.fr/wp-content/uploads/2026/08/deauvilleusa26bd-1024x1365-1.jpg?resize=320%2C426&#038;ssl=1" alt="Affiche salon cinéma 2026" class="wp-image-27040" srcset="https://i0.wp.com/cinesub71.fr/wp-content/uploads/2026/08/deauvilleusa26bd-1024x1365-1.jpg?w=320&amp;ssl=1 320w, https://i0.wp.com/cinesub71.fr/wp-content/uploads/2026/08/deauvilleusa26bd-1024x1365-1.jpg?w=150&amp;ssl=1 150w, https://i0.wp.com/cinesub71.fr/wp-content/uploads/2026/08/deauvilleusa26bd-1024x1365-1.jpg?resize=230%2C306&amp;ssl=1 230w, https://i0.wp.com/cinesub71.fr/wp-content/uploads/2026/08/deauvilleusa26bd-1024x1365-1.jpg?resize=225%2C300&amp;ssl=1 225w" sizes="auto, (max-width: 320px) 100vw, 320px" /></figure>



<div style="height:21px" aria-hidden="true" class="wp-block-spacer"></div>



<h2 class="wp-block-heading has-large-font-size">Salons cinéma et foires en 2025</h2>



<div style="height:22px" aria-hidden="true" class="wp-block-spacer"></div>



<figure class="wp-block-image aligncenter size-full is-resized"><img data-recalc-dims="1" loading="lazy" decoding="async" width="486" height="700" src="https://i0.wp.com/cinesub71.fr/wp-content/uploads/2025/03/481446421_1169795608489656_883285647758823411_n.jpg?resize=486%2C700&#038;ssl=1" alt="" class="wp-image-21942" style="width:373px;height:auto" srcset="https://i0.wp.com/cinesub71.fr/wp-content/uploads/2025/03/481446421_1169795608489656_883285647758823411_n.jpg?w=486&amp;ssl=1 486w, https://i0.wp.com/cinesub71.fr/wp-content/uploads/2025/03/481446421_1169795608489656_883285647758823411_n.jpg?resize=208%2C300&amp;ssl=1 208w, https://i0.wp.com/cinesub71.fr/wp-content/uploads/2025/03/481446421_1169795608489656_883285647758823411_n.jpg?resize=230%2C331&amp;ssl=1 230w, https://i0.wp.com/cinesub71.fr/wp-content/uploads/2025/03/481446421_1169795608489656_883285647758823411_n.jpg?resize=350%2C504&amp;ssl=1 350w, https://i0.wp.com/cinesub71.fr/wp-content/uploads/2025/03/481446421_1169795608489656_883285647758823411_n.jpg?resize=480%2C691&amp;ssl=1 480w, https://i0.wp.com/cinesub71.fr/wp-content/uploads/2025/03/481446421_1169795608489656_883285647758823411_n.jpg?resize=139%2C200&amp;ssl=1 139w, https://i0.wp.com/cinesub71.fr/wp-content/uploads/2025/03/481446421_1169795608489656_883285647758823411_n.jpg?resize=393%2C566&amp;ssl=1 393w" sizes="auto, (max-width: 486px) 100vw, 486px" /></figure>



<div style="height:30px" aria-hidden="true" class="wp-block-spacer"></div>



<p class="has-text-align-left has-large-font-size wp-block-paragraph"><strong>2024</strong></p>



<div style="height:29px" aria-hidden="true" class="wp-block-spacer"></div>



<h2 class="wp-block-heading has-medium-font-size"><a href="https://www.chassimages.com/index.php/evenements-3/21e-bourse-photo-le-teich/" rel="nofollow noopener" target="_blank">21e Bourse photo Le Teich</a></h2>



<p class="has-medium-font-size wp-block-paragraph"><a href="https://www.chassimages.com/index.php/locations/halle-du-port/" rel="nofollow noopener" target="_blank">Halle du port</a><br>port du TEICH, TEICH, gironde, 33470, aquitaine</p>



<div class="wp-block-media-text is-stacked-on-mobile" style="grid-template-columns:43% auto"><figure class="wp-block-media-text__media"><img data-recalc-dims="1" decoding="async" src="https://i0.wp.com/cinesub71.fr/wp-content/uploads/2024/10/bourse-photo-1-1.jpg?w=1170&#038;ssl=1" alt="" class="wp-image-19120 size-full"/></figure><div class="wp-block-media-text__content">
<p class="wp-block-paragraph"></p>
</div></div>



<div style="height:18px" aria-hidden="true" class="wp-block-spacer"></div>



<h2 class="wp-block-heading"><a href="https://www.chassimages.com/index.php/evenements-3/13e-brocphoto/" rel="nofollow noopener" target="_blank">13e Broc&rsquo;Photo</a> </h2>



<p class="has-medium-font-size wp-block-paragraph">13 octobre 2024&nbsp;&nbsp;&nbsp;</p>



<p class="has-medium-font-size wp-block-paragraph"><a href="https://www.chassimages.com/index.php/locations/foyer-rural-gometz/" rel="nofollow noopener" target="_blank">Foyer rural Gometz</a><br>Foyer rural, Gometz-la-Ville, 91400, ILE-DE-FRANCE</p>



<div style="height:36px" aria-hidden="true" class="wp-block-spacer"></div>



<h2 class="wp-block-heading"><a href="https://www.chassimages.com/index.php/evenements-3/foire-photo-de-pont-saint-martin-2/" rel="nofollow noopener" target="_blank">Foire photo de Pont-Saint-Martin</a></h2>



<p class="has-medium-font-size wp-block-paragraph">10 novembre 2024&nbsp;</p>



<p class="has-medium-font-size wp-block-paragraph"><a href="https://www.chassimages.com/index.php/locations/salle-origami/" rel="nofollow noopener" target="_blank">Salle Origami</a><br>rue de la Mône, Pont Saint Martin, 44860</p>



<div style="height:30px" aria-hidden="true" class="wp-block-spacer"></div>



<h2 class="wp-block-heading">La Ciotat, 10 novembre 2024 &#8211; 21e Brocante Photo et Cinéma</h2>



<figure class="wp-block-image size-large is-resized"><img data-recalc-dims="1" height="1024" width="709" decoding="async" src="https://i0.wp.com/cinesub71.fr/wp-content/uploads/2024/10/LA-CIOTAT-md.webp?resize=709%2C1024&#038;ssl=1" alt="" class="wp-image-19128" style="width:309px;height:auto"/></figure>



<div style="height:30px" aria-hidden="true" class="wp-block-spacer"></div>



<h2 class="wp-block-heading">37e Bourse Photo-Ciné Cormeilles<br>Hôtel de Ville<br>3 avenue Maurice Berteaux<br>95240, Cormeilles-en-Parisis</h2>



<figure class="wp-block-image aligncenter size-full is-resized"><img data-recalc-dims="1" loading="lazy" decoding="async" width="568" height="802" src="https://i0.wp.com/cinesub71.fr/wp-content/uploads/2024/10/Capture-decran-2024-10-01-131114.png?resize=568%2C802&#038;ssl=1" alt="" class="wp-image-19131" style="width:448px;height:auto" srcset="https://i0.wp.com/cinesub71.fr/wp-content/uploads/2024/10/Capture-decran-2024-10-01-131114.png?w=568&amp;ssl=1 568w, https://i0.wp.com/cinesub71.fr/wp-content/uploads/2024/10/Capture-decran-2024-10-01-131114.png?resize=212%2C300&amp;ssl=1 212w, https://i0.wp.com/cinesub71.fr/wp-content/uploads/2024/10/Capture-decran-2024-10-01-131114.png?resize=230%2C325&amp;ssl=1 230w, https://i0.wp.com/cinesub71.fr/wp-content/uploads/2024/10/Capture-decran-2024-10-01-131114.png?resize=350%2C494&amp;ssl=1 350w, https://i0.wp.com/cinesub71.fr/wp-content/uploads/2024/10/Capture-decran-2024-10-01-131114.png?resize=480%2C678&amp;ssl=1 480w, https://i0.wp.com/cinesub71.fr/wp-content/uploads/2024/10/Capture-decran-2024-10-01-131114.png?resize=142%2C200&amp;ssl=1 142w, https://i0.wp.com/cinesub71.fr/wp-content/uploads/2024/10/Capture-decran-2024-10-01-131114.png?resize=401%2C566&amp;ssl=1 401w" sizes="auto, (max-width: 568px) 100vw, 568px" /></figure>



<div style="height:32px" aria-hidden="true" class="wp-block-spacer"></div>



<h2 class="wp-block-heading"><a href="https://www.chassimages.com/index.php/evenements-3/phototroc-artimages-plerin-2/" rel="nofollow noopener" target="_blank">PhotoTroc ART&rsquo;Images</a></h2>



<p class="has-medium-font-size wp-block-paragraph">9 février 2025</p>



<figure class="wp-block-image aligncenter size-full is-resized"><img decoding="async" src="https://cinesub71.fr/wp-content/uploads/2024/10/twx61nza-scaled-1.bmp" alt="" style="width:289px;height:auto"/></figure>



<div style="height:28px" aria-hidden="true" class="wp-block-spacer"></div>



<div style="height:38px" aria-hidden="true" class="wp-block-spacer"></div>



<p class="has-text-align-center has-large-font-size wp-block-paragraph"><a href="https://www.argenteuil.fr/fr/les-cingles-du-cinema" rel="nofollow noopener" target="_blank"></a></p>



<div style="height:19px" aria-hidden="true" class="wp-block-spacer"></div>



<div style="height:23px" aria-hidden="true" class="wp-block-spacer"></div>



<div style="height:19px" aria-hidden="true" class="wp-block-spacer"></div>



<p class="wp-block-paragraph"></p>

<p>Retrouvez ici le calendrier des salons cinéma et des foires consacrés au cinéma, à la photographie et au matériel de collection. Cette [&hellip;]</p>
